
-5
Let m(g) = g**2 + 6*g - 3. Let b be (0 - 50/(-4))*2. Let l = 3 - 3. Suppose 5*n + b = -l*n. What is m(n)?
-8
Let y(k) = -k**2 + 4*k - 3. Let s = 102 - 100. Give y(s).
1
Let d(f) = f**3 - 3*f + 3. Suppose -7*s = -3*s - 8. Calculate d(s).
5
Let v(g) = -5*g + 4 + 4 - 7 - g**2. Calculate v(-5).
1
Let m(x) = 2*x**3 + 3*x**2 - 2*x - 6. Let z be m(-2). Let l(j) = j**2 + 4*j - 6. What is l(z)?
6
Suppose -3*b - 52 = -7*b. Let f = -14 + b. Let i(v) be the third derivative of 7*v**4/24 + v**3/6 - v**2. Determine i(f).
-6
Let q(z) = z + 6. Let f be q(-6). Let d(i) = 2*i - 3*i**2 + 5 + 4*i**2 + f*i**2 - 2. What is d(-2)?
3
Let m be (6/4)/(2/4). Suppose 4*d + 3 - 19 = -v, -2*v - m*d = -17. Let n(j) = -j**2 + 2*j + 3. Let w be n(v). Let g(i) = i + 9. Give g(w).
4
Suppose -6*m = -7*m + 3. Let o be (-6)/(-27)*m*-3. Let r(v) = 2*v**3 + 4*v**2 + 2*v - 2. Give r(o).
-6
Let s(w) = 29*w**2 - w - 2. Let j be s(2). Let b(n) = 108 + n - n**2 + 0*n - j. Give b(0).
-4
Let l = 6 + -10. Let s(x) = 21*x**2 - 2*x - 7. Let a(d) = 10*d**2 - d - 3. Let k(h) = l*s(h) + 9*a(h). Let b(j) = -j - 2. Let p be b(-3). What is k(p)?
6
Let o(m) = 11*m**3 - 6*m**2 + m + 6. Let t(d) = -32*d**3 + 17*d**2 - 3*d - 17. Let w = -11 - -5. Let a(k) = w*t(k) - 17*o(k). Give a(1).
6
Let u = -7 + 7. Let h(n) = n**2 - n. Let g(x) = 3*x**2 - 9*x + 7. Let q(o) = -g(o) + 4*h(o). Let i(w) = w. Let v(t) = 5*i(t) - q(t). Calculate v(u).
7
Let a(n) = 0*n**3 + 5*n**3 - 4 + n - 6*n**2 + 4*n**2 + 0*n. Let z(k) = k**3 + k**2 - k. Let d(f) = -a(f) + 4*z(f). Let o be 10*((-2)/4 + 1). Determine d(o).
4
Let p(d) = -10*d**3 - 4*d**2 + 1. Suppose 5*n + 3*x + 1 = x, 5*n - 3*x = -11. Let o(w) = w**3 + w**2 - w - 1. Let r(i) = n*p(i) - 2*o(i). What is r(-1)?
-7
Let f(k) = -9*k - 4*k - 4 + 3*k**2 + 4*k**2. Let t(p) = -3*p**2 + 6*p + 2. Let h(d) = 2*f(d) + 5*t(d). Let j(a) = -2*a - 8. Let s be j(-6). Determine h(s).
2
Suppose 0 = 5*r + 1 - 16. Let w(i) = r*i - 1 + 0*i - 4*i. Determine w(-4).
3
Let z(s) = s**3 + 4*s**2 - 2*s. Let w(p) = -p**3 - 2*p**2 + 2*p. Let n be w(-3). Let g(b) = -b**2 + 2*b - 1. Let y be g(n). Determine z(y).
8
Let a(d) = -7 + 4*d + d - 5 + d**2 + 4. Let q be a(-6). Let p(y) be the third derivative of y**6/120 + y**5/60 + y**4/24 + y**3/3 - y**2. What is p(q)?
-4
Let t be (-3)/(-5) - (-2)/5. Suppose 0 = i + 6 - t. Let v(m) = m + 4. Calculate v(i).
-1
Let o(x) = x**2 + 6*x + 4. Let j be o(-3). Let h(s) = -3*s**2 - 8*s - 4. Let v(u) = 4*u**2 + 9*u + 3. Let t(w) = -3*h(w) - 2*v(w). Give t(j).
1
Suppose 5*x + 5*p = 20, 18 = 2*x + x - 3*p. Let s = x - 4. Let m(t) = -t - 3 + 3 + 1 + 0*t. Determine m(s).
0
Let a(f) = 2 - 2*f**2 - 2*f**3 + 2*f - 3*f**2 + 3*f**2. Let v be (3 - -1)/((-1)/5). Let o = v - -18. Calculate a(o).
6
Let c(h) be the third derivative of -h**4/8 + 5*h**3/6 - 34*h**2. What is c(7)?
-16
Let k(j) = -j**3 - 3*j**2 - 3*j - 10. Let f(g) be the first derivative of -g**4/2 - 2*g**3/3 - 3*g**2/2 - 11*g - 4. Let u(d) = -2*f(d) + 3*k(d). Calculate u(6).
10
Let b(o) = 3*o + 9. Let i be b(-4). Let m(j) = -7*j. Give m(i).
21
Let z(w) be the second derivative of -7/6*w**3 - 6*w + 0 + 0*w**2 - 1/12*w**4. Determine z(-5).
10
Let z(o) = o**3 - 7*o**2 + 7*o - 6. Let a be z(6). Let h(t) = -2 + t - 3*t + a. What is h(-3)?
4
Let l(f) = f**2 - f - 1. Let k(n) = n**3 + n**2 - 2*n - 3. Let s(o) = -k(o) - 4*l(o). Let j be (-3 - 34/(-10))*-15. What is s(j)?
7
Let z(o) = -o**3 + 5*o**2 - 3*o + 1. Let u(a) = 3*a**3 - 2*a**2 + a. Let k be u(1). Give z(k).
7
Let y(r) = -3*r**3 + r**2. Let o = -4 + 9. Suppose -o*b + 4 = -1. What is y(b)?
-2
Suppose 3*k = o + 32 - 7, -12 = 3*o. Let n = k - 9. Let b(j) = -2*j + j + 2*j. Determine b(n).
-2
Let y = -3 + -3. Let f be 0/((-3)/((-9)/y)). Let k(s) = -s - 4. Determine k(f).
-4
Let f(s) = 11*s + 1. Let z(h) = 5*h - 3*h - 1 - h. Let v be z(1). Suppose 1 = -j - v. Give f(j).
-10
Let g(j) = -j**2 + 4*j + 5. Let t be g(4). Let m(z) be the third derivative of -z**4/24 - 8*z**2. Give m(t).
-5
Let v be 5/(-20) + (-45)/(-4). Let p = v + -6. Let m(z) = z**3 + 4*z - 4 - 2 - 5*z**2 - z. Determine m(p).
9
Let h(r) be the second derivative of -r**5/20 - r**4/2 - r**3/2 - 3*r**2 + 51*r. Calculate h(-5).
-16
Let o(v) = v**3 - 5*v**2 + 4*v + 5. Let w(n) = -n**3 - 8*n**2 - 7*n + 4. Let j be w(-7). Let r be o(j). Let y(f) = -f**2 + 7*f - 4. Give y(r).
6
Suppose f = -w + 6 + 1, -7 = -f - 4*w. Suppose 2*b + f = -g, -2*b - 25 = -g - 4*g. Let k(i) = -i**2 + 5*i - 3. Determine k(g).
3
Let j(o) be the first derivative of o**2/2 + 6*o - 45. Let x(a) = -a**3 + 5*a**2 - 4*a - 5. Let z be x(4). Determine j(z).
1
Suppose 2*t = -a - 1, 2*a + 3*t = -0*a + 2. Suppose -2*b - 5*k + a = -4*k, 6 = b - 2*k. Let o(w) = -w**2 + 4*w - 2. Give o(b).
-2
Let x(c) = -5*c + 8*c + 2 - 4*c. What is x(-3)?
5
Suppose 0 = y - 2*y. Suppose -6*f + 2*f = y. Let v(n) = -n**3 - n**2 + 1. Determine v(f).
1
Suppose -29 = 5*b + 46. Let r = b - -12. Let m(a) = a**3 + 3*a**2 - a - 4. Determine m(r).
-1
Suppose 3*w - 6*w + 54 = 0. Suppose -2*q + 0*q = 4*p + w, -1 = q. Let t(n) = n**3 + 3*n**2 - 3*n - 1. Give t(p).
-5
Let k = 0 + 1. Let t(p) be the second derivative of -5*p**4/12 + p**2/2 - 104*p. Calculate t(k).
-4
Let l(j) = j + 1. Let k(v) = -2*v - 2*v - 4 + 2 + 2*v. Let s(h) = k(h) + 3*l(h). Calculate s(-7).
-6
Let v(g) = -2 - 29*g + 30*g + 0. Calculate v(-2).
-4
Let x(d) = 5*d**2 - 70*d + 69*d + 6*d**3 - 3*d**2. Give x(1).
7
Suppose 2 = -c + 5*o + 13, -2*o = 4. Let x(h) = -1 - 3*h + 14*h + 0*h. Give x(c).
10
Suppose -2*u - 5*z = -12, -2*z = 2*u - 11 + 5. Let d be u/((10/(-4))/(-5)). Let r(n) = -d*n + 3 + n - 3. What is r(-2)?
2
Let f(q) be the third derivative of 0*q - 3/2*q**3 - 1/24*q**4 - 3*q**2 + 0. Let k be f(-7). Let p(n) = -n**3 - n**2 + 1. Determine p(k).
5
Let y(g) = -g**3 + 2*g**2 + 2*g + 1. Let z be y(3). Let h(w) = w**2 + w. Calculate h(z).
2
Let r(i) = -i**3 - 4*i**2 + 5*i + 4. Let g = 2 + -7. Let d be r(g). Let y(j) be the third derivative of j**4/12 - j**3 + j**2. What is y(d)?
2
Let l(h) = 2*h**2 + 2*h. Let f be (3/(-2))/((-27)/36). Let r be 4/8 - (-3)/f. Calculate l(r).
12
Let l(f) = -4*f - 1. Let c(k) be the third derivative of -k**6/120 + k**5/12 - k**4/6 - k**3/3 + k**2. Let q be c(4). Give l(q).
7
Suppose 4 = 2*x - 30. Let s = x - 15. Let q(r) = 4*r - 2. Determine q(s).
6
Let i(g) = 4*g**3 + 3 - 3*g**3 + 2*g - 12*g**2 + 8*g**2 + 0. Calculate i(4).
11
Let l be 2 - 2/1 - 1. Let d(g) be the second derivative of g**8/1680 + g**7/2520 - g**4/6 - 6*g. Let i(x) be the third derivative of d(x). What is i(l)?
-3
Let r(y) = y**3 + y**2 + y - 1. Let q(g) = g**2 + 2*g - 1. Let o(w) = q(w) - 2*r(w). Let l be o(1). Let j(u) = u**3 - u**2 - 3*u - 1. Give j(l).
-7
Let j(l) = 2*l**3 + 4 + 9*l - 13*l + 3*l**2 + 0*l**3 - l**3. Give j(-4).
4
Let v(t) be the second derivative of t**3/3 - 21*t. Calculate v(2).
4
Let c = -6 + 3. Let v(g) = 2*g**2 + 4*g - 1. Let z(q) be the first derivative of q**3/3 + q**2 + 2. Let n(x) = 3*v(x) - 7*z(x). Give n(c).
-6
Suppose -b = -4*g - 38, 0*b + b = -g - 7. Let f(r) = r + 16. Calculate f(g).
7
Let w(i) = -3*i**2 + 6*i - 2. Let a(h) = 4*h**2 - 7*h + 3. Let x be 3/(0 + 3/(-2)). Let f(r) = x*a(r) - 3*w(r). Calculate f(5).
5
Let f(x) = x**3 + x - 5. Let a be f(0). Let t(h) = -6*h**3 + 2*h**2 + 5*h + 10. Let s(k) = -k**3 + k**2 + 1. Let o(r) = a*s(r) + t(r). Determine o(-4).
1
Let h(w) = -8*w**2 + w + 6. Suppose 33 = -8*n + 5*n. Let i(p) = -17*p**2 + 2*p + 11. Let d(f) = n*h(f) + 6*i(f). Calculate d(1).
-13
Suppose 0 = -5*r - 5, -4*j = 3*r - 38 - 19. Suppose 6 = 2*a, 4*a = -3*y - 0*a + j. Let x(u) = -8*u**3 - 2*u**2 + u. Determine x(y).
-9
Suppose 3*p - p - 4*v - 42 = 0, 4*v = 3*p - 53. Let f = 15 - p. Let i(h) = -5*h**2 - h**3 + f*h**2 - 5 + 5*h**2. Determine i(4).
-5
Let t(i) = i**3 - 10*i**2 - 12*i + 12. Let n be t(11). Let k be (1/(-2))/(n/2). Let j(f) = 3*f**3 + 2*f**2 + 2*f + 1. What is j(k)?
-2
Let n(i) = i**2 + 3 + 0*i**3 - 2*i**2 + i**3. Let l be (6/(-5))/(8/(-20)). Suppose k = -l*k. Determine n(k).
3
Suppose -2*p = p + 9. Let x(l) = l**2 + l + 3. Determine x(p).
9
Suppose 2*m = m. Let d(a) = -a**3 + 4. Give d(m).
4
Let d be (1 + -3 + 8)*1. Suppose -10 = -4*n + d*n. Let h(x) = -x**2 - 6*x + 1. Calculate h(n).
6
Suppose 4*t = 7 + 5, -4*t = -3*n - 27. Let f(g) be the third derivative of 